{"id":38,"date":"2024-08-21T23:34:15","date_gmt":"2024-08-21T21:34:15","guid":{"rendered":"https:\/\/www.ividream.com\/espa%C3%B1ol\/?page_id=38"},"modified":"2024-08-24T23:15:07","modified_gmt":"2024-08-24T21:15:07","slug":"el-estudio","status":"publish","type":"page","link":"https:\/\/www.ividream.com\/espa%C3%B1ol\/el-estudio\/","title":{"rendered":"EL ESTUDIO"},"content":{"rendered":"<h3>IVI DREAMS SL<\/h3>\n<p>Ubicado en Canarias, <strong>IVI DREAMS<\/strong>\u00a0 crea un puente entre canarias y jap\u00f3n como plataforma de trabajo e inversi\u00f3n dentro del sector de la animaci\u00f3n japonesa. <strong>IVI DREAMS<\/strong> colabora con reconocidos estudios de animaci\u00f3n en Jap\u00f3n, creando obras que fusionan la tradici\u00f3n y la innovaci\u00f3n.<\/p>\n<p>Actualmente trabajamos con un equipo de artistas y profesionales nacionales e internacionales a los que queremos incorporar el talento local. Uno de los objetivos empresariales es el de formar nuevos valores dentro de la animaci\u00f3n japonesa incorporando a los j\u00f3venes canarios interesados en las t\u00e9cnicas de la animaci\u00f3n japonesa.<\/p>\n<hr \/>\n<h3>DIRECCI\u00d3N<\/h3>\n<p><strong>Hitoshi Saito<\/strong>, ha\u00a0 trabajado en los estudios de animaci\u00f3n <strong>ASURA FILMS, SOLA ANIMATION, 4\u00baC y TONARI ANIMATION<\/strong>, en jap\u00f3n.<\/p>\n<p>Actualmente dirige la empresa de animaci\u00f3n <strong>LAZO SL<\/strong> e <strong>IVI<\/strong><strong>\u00a0DREAMS SL<\/strong>, realizando trabajos de producci\u00f3n para estudios japoneses como <strong>GAINA<\/strong> y <strong>MAPPA<\/strong>, entre otros.<\/p>\n<p>Nacido en canarias, <strong>Hitoshi Saito<\/strong> es un apasionado de la ilustraci\u00f3n, el manga y la animaci\u00f3n. Desde muy joven una de sus ilusiones era ser <strong>Mangaka<\/strong>, este sue\u00f1o se frustr\u00f3 por la falta de industria y formaci\u00f3n en Espa\u00f1a. Desde que tuvo la oportunidad, ha trabajado para que otros puedan cumplir ese sue\u00f1o. Con este objetivo presenta el primer <strong>Master de Animaci\u00f3n Japonesa<\/strong> , en colaboraci\u00f3n con la <a href=\"https:\/\/www.lidembarcelona.com\/master-internacional\/international-master-en-animacion-japonesa\/\" target=\"_blank\" rel=\"noopener\"><strong>L\u00b4IDEM<\/strong><\/a> de Barcelona que se impartir\u00e1 en septiembre de 2024 y que ser\u00e1 el primero de Europa en esta especialidad.<\/p>\n","protected":false},"excerpt":{"rendered":"<p>IVI DREAMS SL Ubicado en Canarias, IVI DREAMS\u00a0 crea un puente entre canarias y jap\u00f3n como plataforma de trabajo e inversi\u00f3n dentro del sector de la animaci\u00f3n japonesa. IVI DREAMS colabora con reconocidos estudios de animaci\u00f3n en Jap\u00f3n, creando obras que fusionan la tradici\u00f3n y la innovaci\u00f3n. Actualmente trabajamos con un equipo de artistas y [&hellip;]<\/p>\n","protected":false},"author":1,"featured_media":105,"parent":0,"menu_order":0,"comment_status":"closed","ping_status":"closed","template":"","meta":{"footnotes":""},"class_list":{"0":"post-38","1":"page","2":"type-page","3":"status-publish","4":"has-post-thumbnail","6":"entry"},"_links":{"self":[{"href":"https:\/\/www.ividream.com\/espa%C3%B1ol\/wp-json\/wp\/v2\/pages\/38","targetHints":{"allow":["GET"]}}],"collection":[{"href":"https:\/\/www.ividream.com\/espa%C3%B1ol\/wp-json\/wp\/v2\/pages"}],"about":[{"href":"https:\/\/www.ividream.com\/espa%C3%B1ol\/wp-json\/wp\/v2\/types\/page"}],"author":[{"embeddable":true,"href":"https:\/\/www.ividream.com\/espa%C3%B1ol\/wp-json\/wp\/v2\/users\/1"}],"replies":[{"embeddable":true,"href":"https:\/\/www.ividream.com\/espa%C3%B1ol\/wp-json\/wp\/v2\/comments?post=38"}],"version-history":[{"count":1,"href":"https:\/\/www.ividream.com\/espa%C3%B1ol\/wp-json\/wp\/v2\/pages\/38\/revisions"}],"predecessor-version":[{"id":39,"href":"https:\/\/www.ividream.com\/espa%C3%B1ol\/wp-json\/wp\/v2\/pages\/38\/revisions\/39"}],"wp:featuredmedia":[{"embeddable":true,"href":"https:\/\/www.ividream.com\/espa%C3%B1ol\/wp-json\/wp\/v2\/media\/105"}],"wp:attachment":[{"href":"https:\/\/www.ividream.com\/espa%C3%B1ol\/wp-json\/wp\/v2\/media?parent=38"}],"curies":[{"name":"wp","href":"https:\/\/api.w.org\/{rel}","templated":true}]}}